 be the first derivative of -3 + 5/2*y**2 + 5*y + 1/3*y**3. What is the units digit of p(-5)?
5
Suppose -2*x - 2*x - 2*h + 34 = 0, 18 = 3*x + 4*h. Let l = 7 - x. What is the units digit of -2*(-3)/l*-2?
4
Let o = 16 - 6. Let n(l) = l**3 - 9*l**2 - 9*l + 6. What is the units digit of n(o)?
6
Suppose -3*p = -v + 2*v + 178, 20 = 4*v. Let j = p - -21. What is the units digit of j/(-15)*(-3)/(-2)?
4
What is the units digit of (0 + -8)*(2 - 3)?
8
Let a(n) be the third derivative of n**4/24 + 7*n**3 - n**2. What is the units digit of a(0)?
2
Let p(o) = 6*o**2 - 4*o - 30. What is the units digit of p(-6)?
0
Suppose -h + 4*r + 20 = 0, 0 = 6*h - h - 5*r - 55. Suppose 0 = 4*y + 8, -y = 4*b + 3*y - h. Suppose -13 = b*k - 45. What is the units digit of k?
8
What is the units digit of 6 + (2 + -2)*-1?
6
Let v(r) = r**3 - r**2 + r + 5. Let c(x) = -x - 2. Let h be c(2). Let k be h/18 - (-2)/9. What is the units digit of v(k)?
5
Suppose 5*f - 7 = -0*f - c, -4*f + 5*c = -23. Suppose -g + 2 = -f. Suppose 3*l + 28 = g*q, -4*q - 2*l = -l - 12. What is the units digit of q?
4
Let i(z) = 4*z**3 - 4*z**2 + 4*z - 36. Let n(h) = -5*h**3 + 5*h**2 - 5*h + 35. Let r(x) = -4*i(x) - 3*n(x). What is the units digit of r(0)?
9
Let i(t) be the first derivative of t**5/60 - t**4/3 + 5*t**3/6 - t**2/2 + 3. Let l(c) be the second derivative of i(c). What is the tens digit of l(9)?
1
Suppose 1 - 29 = i - 2*x, 5*i - 5*x = -115. Let n = -10 - i. What is the units digit of n?
8
Suppose 0 = -g + 3 - 1. Let u(d) = 1. Let m(a) = 3*a + 7. Let n(w) = m(w) - 5*u(w). What is the units digit of n(g)?
8
Let u be ((-13)/4 + 2)*16. What is the units digit of (3/5)/((-4)/u)?
3
Suppose 3*b + 25 + 20 = -3*g, -4*g - 45 = b. What is the tens digit of ((-8)/g)/(1/35)?
2
Suppose -3*v = 3*p - 8*v + 98, -2*p - 107 = 5*v. Let y = p - -78. What is the units digit of y?
7
Let n(r) = r + 9. Let b be n(-7). Let p(u) = b*u - 7*u**2 - 2*u**3 - 6 + 3*u**3 + u**2. What is the units digit of p(6)?
6
Let z(f) = 7*f + 1. Let a be z(1). Suppose -4*y + 1 = -7. Suppose -y*x + a = 2*x. What is the units digit of x?
2
Let s = 2 - 4. Let l be (-2)/(-7) - (-38)/14. What is the tens digit of (l - (-2 - -27))/s?
1
Let t = 214 + -71. What is the tens digit of t?
4
Suppose -2*t - 2*p - 20 = -4*t, 0 = p + 4. Let s(x) = 2*x**2 - 7*x - 1. What is the tens digit of s(t)?
2
Let v(l) = 2*l + 28. Let t(d) = d + 14. Let f(x) = 9*t(x) - 4*v(x). What is the units digit of f(-7)?
7
Suppose 4*a - 2*b - 7 = -21, -13 = 5*a + 2*b. What is the units digit of (15/10)/(a/(-16))?
8
Suppose -3*w + 2*w + 11 = 3*c, -7 = -5*c + 4*w. Suppose 4*u = -4*o + 72, 3*u + 5*o - 26 - 36 = 0. Suppose c*i = u - 5. What is the units digit of i?
3
Let q(c) = c - 1. Let b be q(1). Suppose k + 7*p = 2*p - 20, b = 5*p + 25. Suppose -3*x + 2*x = -4*s - 2, -4*x + 8 = -k*s. What is the units digit of x?
2
Let m(t) be the third derivative of -t**4/24 - 4*t**3/3 + t**2. Let i be m(-8). Let p = 2 + i. What is the units digit of p?
2
Let h = 18 - 21. Let d = 24 + h. What is the units digit of d?
1
Suppose 2*m - 2*j - 12 = 2*j, 19 = 4*m - 3*j. Suppose 0 = -2*t - m*y + 1 - 3, -5*y = -2*t + 16. Suppose t*h - 9 = 15. What is the units digit of h?
8
Let z(n) = 8*n + 2. Let k(x) = -x. Let p(o) = -36*k(o) - 4*z(o). What is the units digit of p(6)?
6
Let l(v) = -v - 5. Suppose 0 = -4*t - 3 + 7. Let j be (2 - t)/(1/(-7)). What is the units digit of l(j)?
2
What is the units digit of 2583/45 + (-2)/5?
7
Suppose 0 = -3*m + m - 3*j + 7, 0 = 4*j - 12. What is the units digit of ((-39)/(-6))/(m/(-2))?
3
Suppose 9*a + 15 = 5*y + 4*a, 3*y - a = 3. Suppose 0 = -z + 2*p + 9, y*p = -2*p. Suppose 5*q - z = 41. What is the tens digit of q?
1
Suppose 3*o = 3 + 3. What is the units digit of o?
2
What is the units digit of 3 + -4 + 5 + -1?
3
Suppose 5*q - 50 = -0*q. Let n = q + -6. What is the units digit of n?
4
Suppose -4*w - w - 3*z + 60 = 0, -30 = -w + 3*z. Suppose 13 = 3*a - 14. What is the units digit of a/w + 44/10?
5
Let n be (-18)/((-2)/10*2). Let d = n + -20. What is the tens digit of d?
2
Let m(k) = k**3 - 6*k**2 - 10*k - 3. Let u be m(8). Suppose -d = -2*a + u, 29 + 7 = 2*a + 2*d. Suppose 0 = 2*n + 3 - a. What is the units digit of n?
9
What is the units digit of ((-1892)/(-16))/11*(4 - 0)?
3
Let f = 8 + -4. Suppose -s - 2 = -f*w, w = 4*w - 15. Suppose -s = -5*l + 22. What is the units digit of l?
8
Suppose -4*h + 73 = 2*s - 51, 0 = -5*s - 4*h + 310. Suppose -z - 3*z + s = p, -5*p = 3*z - 242. What is the tens digit of p?
4
Suppose 2*d - 2 = 20. Let r = d - 0. What is the units digit of r?
1
Let n be ((-4)/5)/((-1)/5). Let p(b) = 4*b**2. Let r be p(1). What is the tens digit of n/3*30/r?
1
Suppose -m + 5*z = 11, -5*m - 2*z = 2*z - 32. Let b be 2*18 + 0/2. Suppose 0 = 3*i - 5*t - b, i - m*t = -3*i + 40. What is the units digit of i?
7
Let h(w) = -3*w**3 + w**2 + w + 1. Let v be h(-1). Let i(x) = x**3 - 2*x**2 - 4. Let d be i(v). Suppose 13 = -5*y + d. What is the units digit of y?
3
Suppose 2 = -f + 106. What is the tens digit of f?
0
Let h(p) = 0*p + p + 9 + 6*p - p**2. Let o be h(8). Let j = 6 + o. What is the units digit of j?
7
What is the hundreds digit of (-1096)/20*(-3 + 4/(-2))?
2
Let b(p) = p + 11. Suppose 5*w + 18 = -27. Let d be b(w). What is the units digit of 9 - (-5)/((-5)/d)?
7
Suppose g + o = 36, -o = 2*g - 17 - 60. What is the tens digit of g?
4
Suppose 2*d = -7 - 3. What is the tens digit of (6/d)/(18/(-315))?
2
Let n(c) = -9*c - 23. Let d(s) = 5*s + 11. Let m(b) = -7*d(b) - 4*n(b). What is the units digit of m(-11)?
4
Suppose 0*u - 4*u = -4. Let o = 0 + u. What is the units digit of o?
1
Let n(s) = -3*s**3 - s**2 + 6*s + 4. What is the hundreds digit of n(-5)?
3
Let r(b) = b + 7. Let h be r(-7). Suppose 0 = -h*u - 2*u + 20. What is the units digit of u?
0
Let d = 309 - 121. What is the units digit of d?
8
Let t(c) = -c**2 + 8*c + 3. Let v be t(8). Suppose 2*l - 5*i = 3*l - 3, -81 = -3*l + v*i. What is the units digit of l?
3
Suppose 0*g - 2*g + 58 = 0. What is the tens digit of g?
2
Suppose -6*a - 19 = -397. What is the units digit of a?
3
What is the units digit of (7 - 2)/(-2 + 525/260)?
0
Let m = 40 - -43. What is the tens digit of m?
8
Suppose 0 = g - 17 - 3. Suppose -r = -0*z + 5*z - 73, -2*r + g = z. What is the tens digit of z?
1
Suppose 0*z - z = -26. What is the tens digit of z?
2
Let s be 964/30 - (-4 + (-372)/(-90)). Let c(q) = q**2 + 3*q - 3. Let k be c(-5). Suppose 5*j - k*j + s = 0. What is the tens digit of j?
1
Let m = 2 + 1. Suppose 4 = 5*j - m*j. What is the units digit of j?
2
Let p(f) be the second derivative of f**3/6 - 3*f. What is the units digit of p(2)?
2
Suppose -12 = 9*t - 13*t. Suppose -2*v = -t*d - 25, -v + d = -0*v - 13. Let z = 23 - v. What is the units digit of z?
9
Let c(l) = l**3 - 4*l**2 + l + 1. Let z be c(4). Suppose -2*f + 77 = f - 5*v, z*f + 3*v - 117 = 0. What is the tens digit of f?
2
What is the tens digit of 4 + 387/(0 - -3)?
3
Suppose -3*f + 4*w - 29 = 0, -5*w + 4 + 18 = f. Let h = f + 12. What is the units digit of h?
9
Let i = -41 + 16. Let p be 15/i - 13/(-5). Suppose p*b - 3*k = 7, -b + 15 = 2*k + 1. What is the units digit of b?
8
Let t(u) = 6*u**2 - 6*u - 2. What is the units digit of t(4)?
0
Let a = -63 + 150. What is the units digit of a?
7
Suppose -4 = 5*h - h. Suppose -5*b = 2*d - 25, -2 = b - 7. Let t = d - h. What is the units digit of t?
1
Suppose 0 = 23*x - 22*x - 250. What is the hundreds digit of x?
2
Let b = 135 - 65. What is the tens digit of b?
7
Suppose -d + 0*d - 2*n + 252 = 0, -2*n = -4*d + 1038. What is the tens digit of d?
5
Let u(v) = -v + 10. What is the units digit of u(-14)?
4
Let m(t) = -t**3 - t**2 - 2*t - 1. Let p be m(-2). Let b = -16 - -11. Let x = p + b. What is the units digit of x?
2
What is the tens digit of (-3)/(-9) + 623/21?
3
Suppose -5*v = 2*n - 5 - 10, -4*v + 12 = 5*n. Let z(c) = c**2 + c + 11. What is the units digit of z(n)?
1
Let b = 0 + 0. Suppose 2*s = -b*s + 24. What is the units digit of s?
2
Let h(w) be the third derivative of w**4/8 - w**3/3 + 6*w**2. What is the units digit of h(2)?
4
Suppose 2*n - 22 = -4*g, -3*n - 2*n + 15 = 0. Let y = -1 + g. Suppose -5*d = y*j + 17, -4*j - j - d + 1 = 0. What is the units digit of j?
1
Let q(i) = -i**2 + 8*i - 2. Let h be (-9)/(